2).
18
17 - (-38 + 17 + 69)
-31
What is (6 - (0 + 0 + 6)) + 0?
0
What is 12 + (1 - (-4 + -1) - (121 + -114))?
11
Calculate -3 + 3 + (16 - (-10 - -23)).
3
What is the value of 18 - (-18 + 17 + 15) - 13?
-9
(10 + -7 - -9) + -18
-6
What is (2 - (-3 - (-2 - 9))) + 2?
-4
(457 - 475) + -1 + 19
0
-8 - (9 - (-11 - -12 - (1 + 3)))
-20
-5 - (-26 + (11 - 4) + 7)
7
What is 14 - 3 - -2 - 12?
1
What is the value of 0 + 5 + -3 - (11 - (3 - 5))?
-11
Evaluate 17 + -26 + -1 + (-1 - 3).
-14
What is 15 + (-31 - (-15 - -10))?
-11
What is the value of (4 - 0) + -41 + (12 - (-23 - -27))?
-29
Calculate (20 - 9) + (-10 - 16).
-15
(7 - (14 + -16)) + 4
13
What is the value of -9 + 17 + -7 - (3 + -2)?
0
-13 + (22 - 26 - 3)
-20
-2 - 17 - (-37 + 28)
-10
Evaluate -8 + (-2 - (0 - (1 + 2))) + 19.
12
Calculate (1 - (2 - 0)) + -24 + 31 + -19.
-13
What is the value of (-78 + 14 - -65) + (2 - 3) + -10?
-10
(8 - (-3 + 10)) + (-16 - -2)
-13
What is 0 + -17 + (-6 - -8) + -1?
-16
Evaluate (-1 - -15) + -53 + (5 - (-2 + -2)).
-30
Evaluate 4 - ((20 - 0) + -2 + -2).
-12
What is the value of 8 + (-6 - (-6 - (-6 - -2)))?
4
Evaluate (10 - -12) + -9 + 10 - 9 - 6.
8
-8 - (-7 + 7 - 3) - -9 - -11
15
Calculate -11 + 10 + -2 - 6.
-9
What is the value of 7 + -7 + 8 + -12?
-4
What is the value of -58 + -1 + (-182 - -223)?
-18
14 + (11 + -5 - -16) + -1
35
What is the value of -14 + 9 + (13 - 0) - 11 - 11?
-14
What is -29 + -6 + 2 + 11 - -6?
-16
What is the value of -3 + (18 - (23 + -26) - (0 + 4))?
14
Calculate (2 + 1 - (20 + -9)) + 4.
-4
What is -39 + (-12 + 28 - -1) + -5?
-27
What is the value of -3 + (0 + 4 - (-15 - (-20 + 8)))?
4
Calculate 9 + 10 + -12 + -5 - (-1 + 12).
-9
What is the value of 1 + 12 + -1 + (-1461 - -1459)?
10
What is -1 + -7 - (-80 + 36 + 39)?
-3
Calculate 3 + (7 + -9 - 2) + (0 - 2).
-3
What is -18 + 0 + 432 + -433?
-19
Calculate 25 + (-23 - (-19 + 29 + -19)).
11
Evaluate -14 + (-8 - (47 + -44)).
-25
What is the value of -18 - ((-17 + -37 - 5) + 16)?
25
28 + -19 - (12 + 3)
-6
Evaluate 38 + 7 + -30 - 8.
7
Evaluate 290 + -295 + -2 + -8 + 1 + 2.
-12
Evaluate 10 + (24 - 25) - (0 - 3).
12
Calculate -20 - (-6 - (-26 + 6 - -12)).
-22
Calculate 3 - 1 - (-101 + 108).
-5
What is 1 - 1 - (7 + (-11 + -3 - -6))?
1
Evaluate (0 + 4 - 7) + -2 + (61 - 36).
20
Calculate -22 + -11 + 15 - -9.
-9
What is -12 + 0 + 13 + -1?
0
What is the value of 22 + (-4 - -23 - 46)?
-5
Evaluate 0 + -1 + -6 + (-60 - (-141 - -88)).
-14
0 - 29 - (221 + -238)
-12
What is -2 + (1 + (0 - 19) - (-187 + 179))?
-12
-4 - (6 - -7 - 8)
-9
19 - 0 - ((2 - -7) + -3)
13
What is (-93 - -103) + 8 + 0?
18
Calculate (-1 - (13 + 3)) + -11.
-28
Calculate -3 + 0 + (-6 + -1 - (-104 - -96)).
-2
What is -18 + 26 + -4 + (-7 - 0)?
-3
Evaluate 4 + -7 + 10 + -6 - -7.
8
What is (-1 - 30) + 317 + -300?
-14
What is the value of 14 + 10 + -13 + -2?
9
32 + -4 + -5 + 7 + -7
23
What is (3 - 0 - 26) + 3 - (-3 - 3)?
-14
What is (2 - -2) + (0 - 8) + 1 - 9?
-12
Calculate -32 + 6 + -15 + 47.
6
What is (-7 - -1) + 16 + (-10 - -5)?
5
What is (22 - 25) + (0 - -6 - 2) - 1?
0
Evaluate -13 + 6 + (-8 - -2) + -1 + -5.
-19
What is 34 + -36 + 13 + -2 + -4?
5
What is the value of 2 + (15 + -7 - (-3 - -4))?
9
What is the value of 1 + -2 + -12 + 0 + 27?
14
11 + (22 - 14) + -2
17
Evaluate -5 + -3 + (21 - 31).
-18
-10 + (12 - 1 - 7) + 6
0
Evaluate (28 - 26) + (0 - -3) + -3.
2
(-8 - (2 - 2)) + (37 + -107 - -92)
14
What is the value of 7 - (49 + -26) - -3?
-13
-136 - -132 - (-11 - 3)
10
What is 19 + (1 + 0 - (-109 + 105))?
24
What is the value of 0 - 10 - (594 - 627)?
23
What is -2 + 16 + 1 + -19?
-4
Evaluate -4 + 9 + 1 + 5 + -12 + 5.
4
10 - 10 - (26 + 7 + -12)
-21
Evaluate -10 - (5 + -4 + 3 + -7) - 6.
-13
Evaluate 0 - (-2 + -2) - (-12 + -9 + 28).
-3
What is (-62 - (-18 + -11)) + 14?
-19
-62 - (-28 - (3 + 3))
-28
What is 5 + -1 + 1 + (-22 - -2)?
-15
Calculate (1 - -5) + 7 + 7 + (8 - 17).
11
What is 8 + (-47 - -27) + 13?
1
Calculate -2 + -11 + 7 - (-5 + 0).
-1
What is -12 - 2 - 3 - (-84 - -80)?
-13
What is -3 - ((-12 - -4) + 7)?
-2
What is the value of 27 - (11 - 23) - (18 + -2)?
23
Calculate -21 + (-5 - -6 - 7) - -13.
-14
What is the value of -18 + 11 + (1 - -1)?
-5
1 - -8 - (36 - (51 - 10))
14
What is 7 + -1 + -1 + -5 + -19?
-19
What is the value of (17 - 36) + (2 - 0 - -1)?
-16
What is the value of -9 + 2 + 4 + -15 + 13 + -8?
-13
Calculate -26 - (-28 + 8) - (-15 + 1).
8
What is the value of -7 + 11 - (8 + -6 + 10)?
-8
What is the value of -19 - -18 - (-4 + (-4 - -22))?
-15
What is -55 - (37 - (33 - -32))?
-27
8 + -3 + (3 - 1) + (1 - 3)
5
What is the value of -4 + 14 + (-1 - 4)?
5
Evaluate 4 + 4 + -3 + 4.
9
Calculate 5 + (-7 - -4) + 3 + 36 + -22.
19
What is (-3 - -5) + (4 + -15 - (6 - 11))?
-4
What is -14 + (19 - 10) + (20 - (7 - 0))?
8
Calculate -8 + 20 + -10 - (-12 + -1 - -2).
13
Evaluate -4 - 22 - (103 - 116).
-13
What is 9 + (8 - 0 - 11) + -4?
2
What is the value of (-1 - 24 - -11) + (8 - (4 - 1))?
-9
What is the value of -6 + (-10 - 4) + (-4 - 0)?
-24
-1667 + 1603 + 27 + 1
-36
What is 2 + 0 + 9 + -8?
3
What is (-1 - -26) + -42 + (8 - -25)?
16
Evaluate (-5 - -3 - 0) + (10 - (7 + 10)).
-9
What is (-6 - (-6 + 3)) + (30 - 26)?
1
Calculate 3 + 8 + 1 + (-26 - -13).
-1
What is (39 - 43) + (-5 - 13)?
-22
What is -27 + (5 - -43) + 2?
23
Calculate (0 - 0) + -12 - (-2 - 2 - 2).
-6
What is -10 - (2 - (13 - -1))?
2
Calculate (-9 - (4 - (1 - -6))) + 14 + 2.
10
Evaluate -25 - ((8 - 14) + -9).
-10
2 - -21 - (-16 + 24 + -8)
23
What is -332 + 333 + (-17 - 1)?
-17
Evaluate (-15 - (-33 + -12)) + -21.
9
Calculate 19 + (6 - 15) + 1.
11
Calculate -19 - (13 + -24) - (0 + 1 - -6).
-15
What is the value of -2 - ((-2 - 1) + 50 + -49)?
0
What is -52 + 8 + (-4 - -22) + (13 - 2)?
-15
4 + -30 + (-27 + 30 - (7 - 1))
-29
What is the value of 0 + (-7 + 15 - ((-1 - -11) + -1))?
-1
74 - 31 - (-6 - -26)
23
Calculate -2 + -14 + (-119 - -122).
-13
What is -579 - -593 - (16 - 0)?
-2
0 + (-22 - -6 - (-19 + 18))
-15
What is the value of -5 + -6 + 6 - (8 - 11 - 6)?
4
Evaluate 5 + 23 + -9 - -17.
36
What is the value of 33 - 18 - 16 - 1 - 2?
-4
What is the value of -62 - 23 - -45 - -78?
38
0 - (-10 - -13) - (3 + 0)
-6
What is the value of -10 + (8 - 0) + -38 + 57 + -24?
-7
What is the value of -2 + (-3 - -20) + -14?
1
Calculate 6 + (-9 - (23 - (1 - -6))).
-19
Calculate -7 - ((3 - 13 - -9) + -6).
0
-9 - (17 + -8 + 5 + -14)
-9
Evaluate (-6 + 19 - (-2 - -2)) + (6 - 2).
17
Calculate -7 - (0 + -49 - (27 + -38)).
31
((3 - -1) + 83 + -81 - -3) + -18
-9
What is (2 - -1) + -1 + 5 + 12 + -4?
15
Calculate (-18 - -1) + 7 - (-4 + -11).
5
Calculate (-4 - -2) + (-1 - -1) - (-7 - 4).
9
Calculate 0 + -4 - (-138 - -134).
0
(-939 - -942) + (1 - (1 + 27 + 2))
-26
What is the value of 11 + (12 - (28 - 1))?
-4
What is the value of 15 + (-4 - (-14 - -17)) + 10?
18
Evaluate 10 + (-21 + 7 - -9) + -2.
3
0 + -22 - -2 - (13 + (-24 - -4))
-13
What is the value of (-9 - (-10 - 3)) + 33 - 10?
27
Evaluate 26 - 6 - (-67 + 79).
8
What is the value of (-6 + 5 + 1 - (-7 - -7)) + -4?
-4
Calculate (-6 - (-2 - (0 - -10))) + 12 + -3.
15
Evaluate -6 - (-54 - (-19 + -8)).
21
What is 11 - (2 + -12 + (29 - 8))?
0
(-18 - (5 - 17)) + (-1 - 2) - -2
-7
(-10 + 11 - -3) + -12
-8
Evaluate -6 + -14 + -13 + 16.
-17
What is the value of (-10 - (4 - 0) - -18) + (-6 - 1)?
-3
Calculate 275 - 268 - (-1 + 9).
-1
What is the value of 41 + -46 - (1 + 3 + -9)?
0
Calculate -14 + (0 - (-5 + -14)).
5
What is the value of 15 + (-8 - (-6 - ((11 - 6) + -5)))?
13
What is the value of 6 + (36 - 10) + (-3 - -3 - 3)?
29
26 - 14 - 28 - -10
-6
(35 - -4) + -11 + (5 - (-10 - -11))
32
What is the value of -4 + (15 - 11) + 1 + -3 + 2?
0
What is 1 + -1 + -1 - (-5 + 1 + 10)?
-7
What is -23 - (-19 + (-4 + -5 - -19))?
-14
What is the value of (6 - (7 - (0 - -5))) + -4?
0
What is 13 - -16 - (-25 + 60)?
-6
What is the value of -1 - (4 + -7) - (23 - (20 - 19))?
-20
34 - (44 - (11 - -31))
32
What is -3 + (2 - 2) + (7 - 28 - -32)?
8
Calculate (1 - -5) + -5 + 6 - 0 - 25.
-18
4 + -15 + (-3 + 7 - -18) - 36
-25
What is 3 + 10 - -2 - 4?
11
Evaluate 21 - 2 - (17 + -6).
8
What is 42 + (-71 + 33 - -30)?
34
Calculate -14 + (-16 + 17 - (-3 + -1)).
-9
Calculate 40 + -66 - (-3 + -31).
8
What is 36 + -43 - (-3 + -2)?
-2
What is the value of 1 - (11 - 18 - (-4 - (5 + 5)))?
-6
Calculate (8 - 20) + -5 + (5